4/(-6) + 1)*-12 is divided by (c - (-10)/6)*-27?
7
Let y(d) = -d**3 + 5*d**2 + 5. Let p be y(5). Suppose s = p*s - 32. What is the remainder when 22 is divided by s?
6
Let z(h) = -2*h - 1. Let d(l) = l**3 + 13*l**2 + 19*l - 4. What is the remainder when d(-11) is divided by z(-8)?
14
What is the remainder when 22 is divided by (-2 - -1)/(6/(-78))?
9
What is the remainder when (-4)/(-22) - 10*2202/(-132) is divided by 56?
55
Let k(p) = -11*p + 2 - 4*p - 13 - p**2 + 5*p. Let t be k(-9). Let a(g) = 7*g**2 + g - 1. Calculate the remainder when a(t) is divided by 7.
4
Let s = 2 - 4. Let g = s + 22. Calculate the remainder when 38 is divided by g.
18
Let g(q) = -2*q - 7. Let w be g(-5). Let l = w + 4. Suppose -2*n = -35 + l. What is the remainder when n is divided by 4?
2
Let b be ((-4)/6)/(6/(-27)). Suppose 24 = -b*h + 5*h. Let z = 48 + -26. What is the remainder when z is divided by h?
10
Let m = -15 - -18. Calculate the remainder when m is divided by 3.
0
Suppose 3*u = -3*s + 90, -2*s + 84 = 2*s - 5*u. Let o(b) = b**3 - 4*b**2 - 2*b - 6. What is the remainder when s is divided by o(5)?
8
Let o be (-1)/3 - 39/(-9). Let v = 20 - 5. What is the remainder when v is divided by (-15)/(-3) + -3 + o?
3
Let n be 8/2*1 + -1. Let f(r) = -n*r - 6 + 6 + 8 + 4*r. Calculate the remainder when 40 is divided by f(6).
12
Let d(p) = -11*p - 1. Let i be d(1). Calculate the remainder when 27 is divided by 2/(1/(-1)) - i.
7
Suppose 0 = 2*l - l - 3. Let z(y) = 5*y**2 - 6*y. Calculate the remainder when z(l) is divided by 7.
6
Suppose -507 = -5*l - 7*j + 3*j, 3 = j. What is the remainder when l is divided by 25?
24
Suppose 110 = -4*k + 282. Calculate the remainder when k is divided by 15.
13
What is the remainder when 26/65 + 188/5 is divided by 20?
18
Suppose -2*i = -q - 67 - 43, -5*i + 290 = 5*q. Calculate the remainder when i is divided by 19.
18
Let p(j) = 53*j**3 - j**2. Calculate the remainder when p(1) is divided by 11.
8
Let i(q) = -5*q + 3. Let u be 95/5*(2 - 1). Suppose 5*k = 151 + u. What is the remainder when k is divided by i(-3)?
16
Let j(c) = -c**3 - 8*c**2 - 11*c - 5. What is the remainder when j(-8) is divided by 21?
20
Suppose 5*c - 65 = -a, 0 = -0*c + 2*c - 3*a - 9. What is the remainder when 46 is divided by c?
10
Calculate the remainder when 46 is divided by (-3 + (-164)/(-12))*3/2.
14
Suppose 3*t - 12 = 2*t. What is the remainder when 47 is divided by t?
11
Suppose 0 = 5*u - 15, 2*u - 58 = d - 3*d. What is the remainder when d is divided by 10?
6
Suppose 4*g = 6*g + 16. What is the remainder when g/3*(-6)/2 is divided by 5?
3
Let f(w) = w - 6. Let p(n) = -3*n - 7. Let z be p(-5). Calculate the remainder when -2*1 + (0 - -6) is divided by f(z).
0
Suppose -22 = -o - 7*q + 3*q, -3*o + 33 = q. Suppose 4*w + 129 = 3*j, -j + 4*w + 23 + 12 = 0. What is the remainder when j is divided by o?
7
Let d be 36/(-4)*(-2)/3. Let l(x) = -x**3 + 7*x**2 - 6*x. Let z be l(d). Suppose -2*j + z*j + 4 = 0. What is the remainder when 3 is divided by j?
1
Let o(m) = 20*m - 3. Suppose -183 = -17*q + 157. What is the remainder when o(2) is divided by q?
17
Suppose -14 = 2*j - 42. Calculate the remainder when 53 is divided by j.
11
Suppose 8*h = 136 + 40. Calculate the remainder when 42 is divided by h.
20
Suppose -33 = 65*t - 68*t. What is the remainder when 15 is divided by t?
4
Suppose -5*x - 7*v = -3*v - 100, 3*x = 5*v + 97. What is the remainder when 46/(-3 + 2 + 2) is divided by x?
22
Suppose 0 = -m, 4*w + 4 = -2*m + 8. Suppose -h = -w - 8. Let j = 25 - -1. What is the remainder when j is divided by h?
8
Let a = 6 - -1. Let c(x) = 2*x - 5. Suppose z - 4 = -0. Calculate the remainder when a is divided by c(z).
1
Suppose 0 = -4*v - 4*d + 81 + 51, v - 2*d - 39 = 0. Calculate the remainder when v is divided by 21.
14
Let f = 1 - 2. Let v be (-4)/(-14) + 90/(-21). Let t = f - v. Calculate the remainder when 8 is divided by t.
2
Suppose 12 = 4*z + 2*q, -3*z - 8 + 39 = -4*q. Suppose z*p - p = -8. What is the remainder when (3/p)/((-4)/40) is divided by 8?
7
Calculate the remainder when 12/14*(61 + -5) is divided by 10.
8
Let i be (-2)/10 + (-21)/(-5). Suppose 0*p = i*p - 28. Calculate the remainder when 19 is divided by p.
5
Let z(s) = s**3 + 6*s**2 - 4*s - 1. Suppose -2*v + 36 = -22. Let p = v - 21. Calculate the remainder when z(-6) is divided by p.
7
Suppose 0*i + 3*i + 3*g = 102, -i + 3*g = -38. Let k(y) = -2*y**2 - y. Let v be k(1). Calculate the remainder when i is divided by 6/8*(v - -15).
8
Let s = 9 + -6. Suppose -s - 1 = -4*h. Suppose 19 = 4*v - h. What is the remainder when 8 is divided by v?
3
Suppose -4*v = -172 - 40. Suppose 0 = 5*f + 3*d - 96 + 6, 0 = f + 3*d - 18. Calculate the remainder when v is divided by f.
17
Suppose -b - 264 = -5*b. What is the remainder when b is divided by 34?
32
Let u(z) = -11*z + 1. Calculate the remainder when u(-2) is divided by 4.
3
Let q be 1 + -2 - 1 - -4. Suppose 3*j + 57 = 3*g, 4*g + g - 101 = 2*j. Calculate the remainder when g is divided by (1/q)/(1/22).
10
Let y(q) = -2*q**3 + q**2 + 3*q + 1. Let n be (-215)/(-45) + 2/9. Suppose -129 = 2*x - n*x. Calculate the remainder when x is divided by y(-2).
13
Let t(l) = l**3 + 6*l**2 - l. Calculate the remainder when 17 is divided by t(-6).
5
Suppose 0 = -x - 9*x + 140. Calculate the remainder when 40 is divided by x.
12
Suppose q - 10 = -2*l, -22 = -q + 2*l - l. Calculate the remainder when q is divided by 5.
3
Let l = -10 - -19. Calculate the remainder when 34 is divided by l.
7
Let b(p) = 7*p. Let k be b(7). Suppose 0 = -4*c + k + 19. Calculate the remainder when c is divided by 6.
5
Let u be ((-63)/(-12))/((-4)/(-32)). Let n = u - 26. Calculate the remainder when 31 is divided by n.
15
Suppose 4*p - 4 = l, p - 8 = 4*p + 2*l. Suppose v = -p*v + 7. Suppose -1 - v = -i. What is the remainder when 29 is divided by i?
5
Let q(l) = l**3 - 9*l**2 - 9*l + 9. Calculate the remainder when q(11) is divided by 39.
35
Let x(q) = -q**3 - 8*q**2 - 10*q - 7. Let j = -18 + 11. What is the remainder when 53 is divided by x(j)?
11
Suppose -5*a - f - 14 + 67 = 0, 3*f + 1 = a. What is the remainder when 99 is divided by a?
9
Let a(p) = p**3 + 5*p**2 - 2*p - 7. Let n be a(-5). What is the remainder when 2/n + (-10)/(-3) is divided by 2?
0
Let g(s) = -s**2 + 6*s - 5. Let t be g(6). What is the remainder when 38 is divided by (50/t)/(0 + -1)?
8
Suppose -5*n = -o + 16, 2*o - 2*n = -o + 22. Suppose m + o = 4*m. What is the remainder when 2 is divided by m?
0
Suppose 2 = a + 7. Let s(n) = n**2 + 5*n + 5. What is the remainder when 12 is divided by s(a)?
2
Let z(s) = 2*s. Let u be z(-6). Let a(y) = -y**3 - 13*y**2 - 12*y + 14. Calculate the remainder when 41 is divided by a(u).
13
Let l(r) = r**3 + 3*r**2 - r + 2. Calculate the remainder when 8 is divided by l(-3).
3
Let y(v) = 18*v**2 - 1. Let j be y(-1). Suppose 0 = -2*s + 3*s - j. Let l = -6 - -15. What is the remainder when s is divided by l?
8
Let s(z) = -z**2 + 5*z - 2. Let u be s(3). Suppose 40 = u*i - 8. What is the remainder when (27/15)/(6/150) is divided by i?
9
Let i(m) = m**2 - 8*m - 2. Let j be i(9). Let h = j + 1. What is the remainder when 31 is divided by h?
7
Let n = 0 + -17. Let m = n - -28. Calculate the remainder when -31*2*(-2)/4 is divided by m.
9
Suppose 4*y = 5*u - 191, -4*y = 2*u - 6*u + 156. Suppose -6*z + u = -z. Suppose -5*w = 1 - 21. Calculate the remainder when z is divided by w.
3
Suppose 4*z - 64 = -b, 0 - 8 = -2*b. Suppose -42 = -2*k - 4*x + 30, 3*k + 5*x = 104. What is the remainder when k is divided by z?
13
What is the remainder when 23 is divided by (105/(-9) + 3)/(2/(-3))?
10
Let z(n) = 8*n + 1. Calculate the remainder when 73 is divided by z(3).
23
Suppose -p = -6*p + 45. What is the remainder when 31 is divided by p?
4
Suppose -3*c = -30 - 3. Calculate the remainder when (-10 - 2)/(3/(-8)) is divided by c.
10
Suppose -4*n = -3*j + 15, -j + 0*j - 2*n - 5 = 0. Let u(s) = s + 5. What is the remainder when j is divided by u(-4)?
0
Let n = 49 - 27. Let r be (-11)/33*(-15 - 0). What is the remainder when 21 is divided by (n/(-6))/(r/(-15))?
10
Let o(s) = 3*s - 15. Let l be o(6). Let c be 1/(2/(-8)*-1). Suppose -l*a + 12 = 0, j + a + c*a - 37 = 0. What is the remainder when j is divided by 6?
5
Let h = -19 + 7. Calcula